23)?
5
Let g(o) = -o**3 - 12*o**2 - 2*o + 6. Suppose -a + 3*u - 22 = 5, u + 31 = -3*a. What is the units digit of g(a)?
0
Let a = -234 - -476. What is the tens digit of a?
4
Let x = -626 + 1092. Suppose -z = 5*y - x, 0 = 3*y - 4*z - 0*z - 275. What is the units digit of y?
3
Let w(t) = 22*t**2 - 5*t + 2. Let l be (3 + 3)/(-3) - -4. What is the units digit of w(l)?
0
Suppose 0 = t + u - 46, -2*t + 93 = -0*t + 3*u. What is the tens digit of (-3 - -3 - t)/(-1)?
4
Let c(q) = -q**3 - 3*q**2 + 5*q + 4. Let v be c(-4). Let z(l) = 2*l**2 - l**3 + 3 - 9 - 4*l**2 - 6*l + v*l**2. What is the units digit of z(-4)?
0
What is the tens digit of (-12)/(-1 + (-646)/(-130) + -4)?
9
Suppose 0 = 3*d + i - 20, i - 5*i = 4*d - 32. Let u be 7/3*(-28 - -22). What is the tens digit of (-21)/u*124/d?
3
Let v = -711 + 1380. What is the units digit of v?
9
Suppose 3*k = -64 + 73, -2*g - k + 9827 = 0. What is the hundreds digit of g?
9
Let m(l) = l**2 - 12*l + 14. What is the tens digit of m(13)?
2
Suppose -h - g = 2*g - 22, -g = 5*h - 96. Let z(d) = 14*d - 1. What is the units digit of z(h)?
5
What is the tens digit of -132*(214/(-30) + 5/(-25))?
6
Let w(b) = b**3 + 17*b**2 - 3*b + 28. What is the units digit of w(-9)?
3
Let k = 15 - 4. Let v be k/(-22)*(-6)/1. Suppose -5*i = -10, v*i = -0*m - 5*m + 146. What is the units digit of m?
8
Suppose 47*m + 7181 = 90*m. What is the units digit of m?
7
Let n(u) = -164*u + 288. What is the units digit of n(-17)?
6
Suppose 5*h - 1790 = 5*p, -2*h - 4*p - 716 = -4*h. Let q = h + -254. What is the hundreds digit of q?
1
What is the units digit of (20/6)/(7/1470)?
0
Let u(s) = -5*s**3 - 7*s**2 - 16*s - 42. What is the hundreds digit of u(-6)?
8
Suppose -5*g = -2*w - 8338, 61*w = 2*g + 65*w - 3340. What is the thousands digit of g?
1
Let s = 1068 - -530. What is the hundreds digit of s?
5
Let g(p) = 5*p + 90. Let i be g(0). Let q = 5 + i. What is the units digit of q?
5
Let r(s) = -s**3 - 26*s**2 - 62*s - 34. What is the units digit of r(-25)?
1
Let f = -1 - -7. Let m = -4 + f. Suppose 0 = m*s - 2*b - 76, -15 = -s - b + 17. What is the units digit of s?
5
Suppose -1 = 2*g + 5, -g - 9 = 3*c. Suppose b - 192 = 3*r, 4*b + 146 - 897 = -5*r. What is the units digit of 0 + c - b/(-3)?
1
Let w be 5 - (0 + -3 + 0). Suppose 2*o - 4*o + w = 0. Suppose 5*v - 5 = -3*c + 27, 8 = o*v - 2*c. What is the units digit of v?
4
Let q = 6924 - 3727. What is the tens digit of q?
9
Suppose 2068 = 13*k - 2*k. Suppose k = -4*p + 656. What is the units digit of p?
7
Suppose 5*c + 155 = -5*z + 655, -z + 3*c + 80 = 0. Let d = 125 + z. What is the hundreds digit of d?
2
What is the tens digit of (2787/(-12))/((77/(-28))/11)?
2
Let l = -260 + 614. What is the hundreds digit of l?
3
Suppose 2319 = 4*u - 1905. What is the hundreds digit of u?
0
Suppose -2*v - 15 = 3*z + 67, -5*v - 184 = -3*z. Let g = 54 - v. What is the units digit of g?
2
Let x = -27 - -31. Suppose -v + 32 = x*b + 10, 4*b = -3*v + 66. What is the tens digit of v?
2
Let m(t) = t**3 + 12*t**2 + 8*t + 8. Let k be m(-12). Let n = 209 + k. Let x = n + -54. What is the tens digit of x?
6
What is the thousands digit of (-3)/(-15) + 99072/90?
1
Suppose 0 = 9*u + 10 - 46. Suppose -3*b + u = -41. What is the units digit of b?
5
Let q = -3745 + 5277. What is the tens digit of q?
3
Let x be (-3)/1 + (12 - -14). Let z = -34 + 59. Let o = z + x. What is the units digit of o?
8
Suppose 4*h + 3*o = 17, 3*h = 5*o - 3*o. Suppose 4*r = -2*p + 119 + 169, -h*p = -4*r + 304. What is the tens digit of r?
7
Let w(q) = -q**3 + 0 - 3 - q**2 + 68*q - 70*q. What is the tens digit of w(-4)?
5
Suppose -n + 5*r + 35 = 0, -95 = -8*n + 4*n + 5*r. Suppose -6*k + 2*k + n = 0. Suppose z + 31 = 5*w - 0, k*w = 5*z + 35. What is the units digit of w?
6
Suppose -32*t = -35774 - 23938. What is the units digit of t?
6
Suppose -12*y = 28*y - 44800. What is the tens digit of y?
2
Let z(o) = -2*o - 2. Let m be z(-5). Let l = m + 0. Suppose l + 4 = 4*q. What is the units digit of q?
3
Let g = -327 - -359. What is the units digit of g?
2
What is the thousands digit of (50/12 - (-6)/(-36)) + 1954?
1
Suppose -i + 2807 + 399 = 3*a, 9608 = 3*i - a. What is the thousands digit of i?
3
Let f be 3*(-4 + (-257)/(-3)). Suppose -5*d + f = -0*d. What is the tens digit of d?
4
Let x = 21 - -7. Let s = -31 + x. Let z(u) = -3*u**3 - 2*u**2 - u - 1. What is the units digit of z(s)?
5
Let o(m) = -15*m - 175. What is the tens digit of o(-14)?
3
Let v be (12/(-5))/((-6)/195). Let r = v - -20. What is the tens digit of r?
9
Let m = -1022 + 1597. What is the hundreds digit of m?
5
Suppose -9740 - 13533 = -37*l. What is the units digit of l?
9
Let o(x) = -x**3 - 5*x**2 + 4*x + 2. Suppose p = 3, 0*s - s - 3*p + 18 = 0. Let d be (s/6)/(1/(-4)). What is the units digit of o(d)?
4
Suppose -k - 13 = 28. Let v = -167 + 105. Let i = k - v. What is the tens digit of i?
2
What is the hundreds digit of -8 + (3 + -5 - -183)?
1
Let l = -6 - -13. Suppose h - 24 = -l. What is the units digit of h?
7
Let c(j) = 2*j**2 - 13*j + 11. Let s be c(7). Let i = 32 + s. What is the units digit of i?
0
Let x(i) = -18*i - 180. What is the hundreds digit of x(-31)?
3
Let a(c) = -13*c**3 - 3*c**2. Let t be a(-2). Let d be t - (0/1)/(-2). Let x = d + -47. What is the tens digit of x?
4
Let p = 235 - -357. Suppose -184 = 6*f - p. What is the tens digit of f?
6
Let w = -258 - -801. What is the tens digit of w?
4
Let t(q) = 33*q + 14. What is the units digit of t(9)?
1
Let g be 6/(-4)*8/(-6). Suppose 2*m + g - 14 = 0. What is the tens digit of (-1 - -47)/(m - 4)?
2
Suppose 2*j - 2 = 0, 661 = 3*q - 5*q - 3*j. Let a = -229 - q. What is the hundreds digit of a?
1
Let f(m) be the second derivative of 29*m**4/6 - m**3/2 - 3*m. What is the units digit of f(-2)?
8
Let z(j) = -4 - j**2 - 6*j - j**2 - j**3 - 4*j**2 + 2*j**3. Let u be z(7). Let k = u + 7. What is the tens digit of k?
1
Let h be -10 + (-1)/((-3)/6). Let k be (-78)/h + 1/4. Let o = -8 + k. What is the units digit of o?
2
Let a = 13 - 10. Suppose f + 16 = -a*f, 4*t - 4*f = 8. What is the units digit of (t/2)/((-4)/12)?
3
Suppose -12595 = -10*q + 5505. What is the hundreds digit of q?
8
Let c be 26/8 - (-4)/(-16). Suppose c = -i + 14. Suppose -7*l - 4 = -i*l. What is the units digit of l?
1
Let j(k) be the first derivative of k**4/4 + 10*k**3/3 + 17*k**2/2 + 15*k + 1. What is the units digit of j(-8)?
7
Let b(d) = 16*d**2 - 19*d + 3. What is the hundreds digit of b(-8)?
1
What is the tens digit of ((-52)/39)/(12/(-135))?
1
Let r(x) = x**2 + 15*x. Let y be r(-15). Suppose 2*d + 5*d - 749 = y. What is the units digit of d?
7
Let z = 29 - 16. Let b be (z/(-13))/(2/(-270)). Suppose 0 = 5*c - 2*d - b, 3*c + 2*d - 135 = -2*c. What is the units digit of c?
7
Suppose 5*v - 3*v = 4, 2*l - 360 = 4*v. Let h(o) = -13*o + 10. Let t be h(10). Let x = t + l. What is the units digit of x?
4
Let x(y) = y**3 + 15*y**2 + 9*y + 43. What is the tens digit of x(-13)?
6
Let f = 93 - 43. Suppose 0*g + g = -4*p + 100, -2*p + 5*g = -f. Suppose -3*i - p + 88 = 0. What is the tens digit of i?
2
Suppose -20*t + 23*t = 27. What is the tens digit of (-6)/(-27) - ((-799)/t - -2)?
8
Suppose 0 = -0*k - 6*k + 3192. Suppose 12*z - 5*z = k. What is the tens digit of z?
7
Let i be 2/12 - (-102)/36. Suppose 24 = -i*g - 0*g. Let p = g - -10. What is the units digit of p?
2
Suppose 3*b + 4*v = 11, 7 = -10*b + 12*b + 3*v. Suppose -6*r + b*r = -24. What is the units digit of r?
4
Let t = -30 + 1137. What is the tens digit of t?
0
Let x be (-2)/((-10)/(-15)) - -5. Suppose 9 + 129 = x*i. What is the units digit of i?
9
Suppose 0 = -2*n - 3 - 5. Let a = 34 - 34. What is the tens digit of (-64)/n + a + -2?
1
Let h(u) be the first derivative of 53*u**2 - u - 2. What is the hundreds digit of h(1)?
1
Suppose 0*w - 72 = -4*w. Let s be (-4)/(-4*(-3)/w). Let k = 10 + s. What is the units digit of k?
4
Let i(s) = s**2 - 1. Let l be i(-1). Suppose -4*j + 4*o + 32 = l, -7*o + 3*o - 8 = 2*j. Suppose -3*d + 8 = -d + 4*a, 0 = -4*a - j. What is the units digit of d?
6
Suppose -24 = -7*k + 3*k. What is the tens digit of 76/k + (-14)/21?
1
Let o = -397 - -949. What is the tens digit of o?
5
Suppose 0 = 4*y - 3*y - 1209. Suppose 5*b + 309 - y = 0. Suppose 9*o + b = 14*o. What is the tens digit of o?
3